e -2*k = 10*k - 3000. What are the prime factors of k?
2, 5
Suppose -16*x + 90 = -13*x. List the prime factors of x.
2, 3, 5
Suppose -4*g = 8, 0 = -0*n - n + 4*g + 120. List the prime factors of n.
2, 7
Let m(o) be the second derivative of o**5/20 - o**4/12 - 2*o**3/3 + 3*o**2/2 + 2*o. List the prime factors of m(3).
3
Suppose -5 - 13 = -u. Suppose -5 = -5*r - o + 5, 0 = -3*o - 15. Suppose r*g + 0*g = u. What are the prime factors of g?
2, 3
Let r(o) = -o - 2. Suppose -4*l - 4*d + 4 - 32 = 0, -4*l - 5*d = 31. Let j be r(l). List the prime factors of (j - 1) + (-2 - -13).
2, 3
Let s = -5 + 21. Suppose -3*c - 10 = 4*m, -2*c - m - s = -3*m. Let y = c - -9. List the prime factors of y.
3
Let o(a) = 4*a**2 - 26*a + 11. List the prime factors of o(11).
11, 19
Let o(y) = y**3 - y + 18. What are the prime factors of o(0)?
2, 3
Let k(g) = g**2 + g. Let u be k(-2). Suppose 5*i + 4 = u*j, -j - 3*i - 2*i + 2 = 0. Suppose 0*a - 2*a = -5*c - 15, j*a - 3*c = 17. List the prime factors of a.
2, 5
Let x be (-10 - -2) + -2 + 3. Let h(w) = -w**2 - 7*w + 8. What are the prime factors of h(x)?
2
Let q(l) = 4*l**2 + 2*l + 7. What are the prime factors of q(3)?
7
Let d = 0 - -2. Suppose d*y + 0 = -10, 4*y - 40 = 2*g. What are the prime factors of (g/24)/(1/(-4))?
5
Let y be 4/3 - 2/(-3). Let j(i) = 2*i**3 + 3*i**2 - 2*i - 1. What are the prime factors of j(y)?
23
What are the prime factors of 15/5 + ((-7)/(-1) - -1)?
11
Suppose -15 = -3*o, 4*o = 4*l + 47 + 49. Let g(b) = 7*b + 1. Let x be g(-4). Let h = l - x. List the prime factors of h.
2
Suppose 0 = -56*i + 59*i - 168. List the prime factors of i.
2, 7
Let k(p) = 13*p - 5. What are the prime factors of k(5)?
2, 3, 5
Let j(d) = -2*d**2 + 5*d + 4. Let r be j(5). Let b = 54 + r. What are the prime factors of b?
3, 11
Suppose 0 = n - 5*n + 3*h - 32, 5*n - 4*h + 41 = 0. What are the prime factors of 11/(3/(-2 - n))?
11
Suppose 7*v - 163 = 3*v + 3*x, 0 = -3*v + 4*x + 131. List the prime factors of v.
37
List the prime factors of (939/(-6))/(6/(-12)).
313
Let u = 76 - -38. Suppose 34 = 4*c - u. List the prime factors of c.
37
Let z = 20 - 44. What are the prime factors of z/(-8) - (-2 + 1)?
2
Let h be (-164)/(-8) + 3/6. Suppose 4*d = 43 + h. List the prime factors of d.
2
Suppose -3*o = -4*j - 143, -j = 5*o + 3*j - 281. Let p = 75 - o. What are the prime factors of p?
2, 11
Suppose -4*p - 25 = -2*x + p, 4*x = 5*p + 35. Let s = 5 - x. Suppose -2*v + 2 + 4 = s. List the prime factors of v.
3
Suppose 2*n + 3*g - 1 = -7, g + 4 = 0. Suppose 0*d - 9 = -n*d. Let a(u) = u**2 - 4. List the prime factors of a(d).
5
Let m(c) = 2*c**2 - 3*c - 1. What are the prime factors of m(-3)?
2, 13
Suppose -m + 1 = -2. Suppose -2*i = m*i - 15, 3*v + 4*i = 18. List the prime factors of v.
2
Let i be (4/7)/(6/21). Let k be (-1 - -14)*10/i. Let j = k - 46. What are the prime factors of j?
19
Let m(x) = -28*x**2 - 2*x - 1. Let j be m(-1). Let s(c) = 3*c**3 + 3*c**2 + 4*c + 3. Let r be s(-2). Let i = r - j. List the prime factors of i.
2, 5
Let j(q) = 0*q**2 + 7*q + 0*q**2 + 5 - q**3 - 2*q**2. Let i be 16/(-6)*(-12)/(-8). What are the prime factors of j(i)?
3
Let m be 1*5/(5/6). Let l(c) = -c**3 + 5*c**2 + 5*c + 8. What are the prime factors of l(m)?
2
Suppose -2*v - 2 = -v. Let b be -1 + 2/(v/(-7)). What are the prime factors of (40/b)/(4/6)?
2, 5
Suppose -5*i - 4*v = 5, 2*v - v = 4*i - 17. Let r = i + 1. What are the prime factors of r?
2
Let s be (-3 - -4)/(2/6). Suppose -s*x = -1 - 29. Suppose 12 = 4*o - 5*c, -5*o - 32 = -x*o + 2*c. What are the prime factors of o?
2
List the prime factors of (-8)/4*(-38)/4.
19
Let x(b) = 101*b**3 - 2*b**2 - 2*b + 3. List the prime factors of x(1).
2, 5
Suppose 3*d + 76 = -d. Let l = -31 - d. Let v = l + 22. What are the prime factors of v?
2, 5
Let w be 2 + (-1 - 113)/3. What are the prime factors of 75/6*w/(-15)?
2, 3, 5
Let k(i) = -i**3 - 26*i**2 - 58*i + 13. What are the prime factors of k(-24)?
11, 23
Suppose 3*o - 73 + 1 = 0. Suppose o = 3*s - 5*b - 23, 3*s - 15 = -3*b. List the prime factors of s.
3
List the prime factors of (-36752)/(-304) + (-2)/(-19).
11
Let s(u) be the third derivative of -u**6/360 + 11*u**4/24 - u**3/6 - 2*u**2. Let n(y) be the first derivative of s(y). What are the prime factors of n(0)?
11
Suppose 2*q = -0*q. Let w(t) = t**2 - t. Let n(j) = -j**3 + 3*j**2 - j + 11. Let z(u) = n(u) - 2*w(u). List the prime factors of z(q).
11
Let c be 7 + (-1 + 0 - 1). Let j(s) = s**2 - 5 - 3*s**3 + 4*s**2 + 2*s**3 + 2*s. What are the prime factors of j(c)?
5
Suppose 19 + 11 = 3*y. Let q = y - 5. Suppose -h - 4*h = q*t - 60, -3*t = -4*h - 64. What are the prime factors of t?
2
Let l = 5 + -3. Let y(u) = -u**3 - 3*u**2 + 2*u - 3. Let t be y(-4). Suppose -p - 4 = 0, l*p = t*g - 2*p - 76. List the prime factors of g.
2, 3
Suppose -3*z = 2*n - 608, -5*z - 14*n = -13*n - 1025. What are the prime factors of z?
2, 103
Suppose 108 = 7*r - r. What are the prime factors of r?
2, 3
Let o(k) = -k**2 - 6*k. Let h = 0 + 0. Suppose h = 3*g + f + 16, 3*f - 9 = 2*g + 2*f. What are the prime factors of o(g)?
5
What are the prime factors of -4*(-12)/16 - -2?
5
Let a(d) = -d + 735. Let f be a(0). What are the prime factors of f/60 - (-1)/(-4)?
2, 3
Let u be ((-12)/(-8))/(2/4). Let d = u + -1. What are the prime factors of 1 + (4/d - 0)?
3
Let c = 8 + -4. What are the prime factors of c?
2
Let v(s) = -s**2 - 5*s + 1. Let d be v(-4). Suppose 36 = 2*z - 3*t + 2, 2*z + d*t = 18. What are the prime factors of z?
2, 7
Let s = -7 - -7. Suppose s = -2*h + h. Let a = 10 - h. What are the prime factors of a?
2, 5
Let b be -2 + 13 - (-4)/2. Suppose -b + 1 = -3*k. Suppose k*q + 5*m = 17 + 16, 3*q - 3*m - 18 = 0. List the prime factors of q.
7
Suppose -25*s + 15*s = -140. List the prime factors of s.
2, 7
What are the prime factors of (-2)/((2 - 2) + (-2)/263)?
263
Suppose 0*h - 12 = -h - 4*r, r = h + 3. Let d = 3 - h. What are the prime factors of d?
3
Let m(j) = -3 + 9*j**2 - 4*j + 5 + j**3 + 3*j. What are the prime factors of m(-9)?
11
Suppose -122*l + 117*l = -125. List the prime factors of l.
5
Suppose -4*v + 0*v = -4*h + 4, 5*h + 3*v = -3. Suppose -2*o + 4*o - 58 = h. What are the prime factors of o?
29
Suppose -3*a - d = 113, -4*d - 93 = 4*a + 55. What are the prime factors of (-6)/9 - a/3?
2, 3
Let q(i) = -i**3 + 6*i**2 - 6*i + 7. Let c be q(5). List the prime factors of ((91 + c)/3)/1.
31
Suppose -3*l - 2*w - 10 = 0, l - 6*w = -w + 25. Suppose -b - 3 = l, -4*b = -c - 0*c + 44. List the prime factors of c.
2
Let j(m) = -2*m - 9. Let v be j(-6). Suppose -4*c = -v*c - 4. Suppose c*x = -17 + 49. List the prime factors of x.
2
Let g be (28/(-6))/(1/(-57)). Suppose -74 = -f + 2*m + m, 0 = 4*f - 2*m - g. Suppose -5*u + f = -0*u. What are the prime factors of u?
13
Let c(o) = 7*o**3 - o - 1. List the prime factors of c(2).
53
Suppose -2*m = i + 2*m + 3, 5*m + 25 = 3*i. Let t(d) = -d**3 + 5*d**2 + 5*d + 4. List the prime factors of t(i).
29
Let z be (-8)/6*108/(-8). Suppose l = -l + z. What are the prime factors of l?
3
List the prime factors of (7/4)/(15/300).
5, 7
Let l(r) = -r**3 + 12*r**2 - 9*r - 11. What are the prime factors of l(6)?
151
Let x be 678/(-24) - (-1)/4. List the prime factors of (4 - 0)/((-2)/x).
2, 7
Let x(w) = w**3 - 9*w**2 + 13. Let g be x(9). Suppose -d = -g - 1. What are the prime factors of d?
2, 7
Suppose 40 = 6*u + 10. Suppose -2*v = -u*v + 48. List the prime factors of v.
2
Let m = -5 - -21. List the prime factors of m.
2
Suppose c - 15 = -5*s, 0*s = -c + 2*s - 6. Suppose c = -2*v - 2*v. Let n = v + 4. List the prime factors of n.
2
Let r(z) = z**2 - 11*z + 12. List the prime factors of r(11).
2, 3
Suppose 25 = h + 5*k - 2, -k = 4*h - 13. Let b be 1 - (1 - (h + 1)). Suppose 3*a + 68 = 4*s, s - b*a = -a + 22. What are the prime factors of s?
2, 7
Suppose -3*j - 4*p + 21 = 0, 4*j + 4*p = -p + 27. Suppose 2*l - j*a + 5 = l, -2*l = -4*a + 4. List the prime factors of l.
2
Let n = -5 - -27. List the prime factors of n.
2, 11
Suppose -44*v = -46*v - 20. Suppose 0 = -3*n - 2*n - 25. What are the prime factors of 2/n + (-94)/v?
3
Let x(n) = -n**2 + n. Let d be ((-10)/2)/(0 + -1). Let m be x(d). Let c = -8 - m. List the prime factors of c.
2, 3
Suppose -7*m + 16 = -3*m. Suppose m*i - 4*a = i + 38, -3*i = 3